ltiple of 37?
True
Let s(w) = 7*w**2 - 30*w - 65. Let o be s(-2). Let f = 21 - 3. Suppose o*v - 440 = f*v. Is v a multiple of 25?
False
Suppose -5*k - 28 + 73 = 4*n, -20 = -2*n - 2*k. Suppose -923 = n*q - 243. Let d = q + 220. Is 21 a factor of d?
True
Let c(w) = -w**2 - 2*w - 46*w**3 - w**2 - 13 + 12. Let v be c(-1). Is -2 + (486/5 - 9/v) a multiple of 14?
False
Let a(l) = l**3 + 20*l**2 + 5*l - 19. Let h be a(-19). Suppose -3*i = -i + w - h, i - 110 = 4*w. Is 61 a factor of i?
True
Suppose 57*g = 33*g + 26*g - 2002. Is g even?
False
Suppose -41 = -5*l + 4*j + 17286, -13866 = -4*l + j. Does 9 divide l?
False
Let y(h) be the third derivative of h**6/120 - h**5/60 - h**4/6 - 4*h**2. Let o = -468 - -471. Is 6 a factor of y(o)?
True
Suppose -3*k = -7*k - 7*z + 242945, -303688 = -5*k - 2*z. Is k a multiple of 106?
True
Let m(t) = -53*t - 74. Let v be m(-36). Suppose 4376 = 6*x - v. Is 23 a factor of x?
True
Let b = 3465 + 981. Does 78 divide b?
True
Let h(w) = -w**3 - 5*w**2 - 7*w - 6. Let f be h(-5). Suppose -f = -4*p + 35. Suppose -19*q + 66 = -p*q. Does 13 divide q?
False
Let i(y) = y**3 - 42*y**2 - 29*y + 1470. Is i(50) a multiple of 22?
True
Let s be 0 - ((-30)/(-10) - 397/(-1)). Let c = -220 - s. Is 36 a factor of c?
True
Suppose 410 = 9*k - 229. Suppose -103 = -3*c + k. Let p = -44 + c. Is p a multiple of 5?
False
Let g = -39 + 39. Suppose g = -3*w + w + 376. Let p = -99 + w. Is p a multiple of 30?
False
Suppose 7*x = 38 - 80. Let t(p) = p**2 + 9*p + 37. Does 2 divide t(x)?
False
Let f = -19 + 23. Suppose f*b - 25 = -5. Suppose 440 = 5*i + b*w, i + i + 4*w = 166. Is 16 a factor of i?
False
Let q = -60823 + 101441. Does 23 divide q?
True
Let o = 87 + -86. Let f(x) = 65*x**3 - x**2 - x. Is 63 a factor of f(o)?
True
Let o = -685 + 694. Suppose -64*l = -o*l - 1320. Is 24 a factor of l?
True
Let s(x) = -2*x - 13. Let w be s(-9). Suppose 3*z - 56 = -w*q + 1310, -287 = -q + 4*z. Is 11 a factor of q?
True
Let n = -618 - -664. Suppose -n*p = -27168 - 12668. Is 14 a factor of p?
False
Suppose 58*i = 22*i + 3348. Let s(u) = u**2 - 7*u - 5. Let z be s(5). Let a = z + i. Does 13 divide a?
True
Let t be (-1 - -4) + (-20 - -222). Let l = t - 37. Let z = l + -127. Is z a multiple of 15?
False
Suppose 5*p - 4*p = -4*o + 1701, 5*o - 2121 = 4*p. Let l = -83 + o. Is 5 a factor of l?
False
Let z be (-1 - 13)*2/(-4). Suppose 0 = z*c - 4*c - 6. Suppose -420 = -c*b - 5*b. Is b a multiple of 10?
True
Let l(u) = 4*u**3 - 1. Let p be l(1). Suppose 2*s - 3*v - v - 32 = 0, p*s - 48 = -v. Let z(g) = g**3 - 17*g**2 + 17*g - 4. Is 5 a factor of z(s)?
False
Let k(x) be the third derivative of x**6/120 + 7*x**5/60 - x**4/12 - 5*x**3/2 - 3*x**2. Let u be k(-7). Let v = 87 - u. Does 22 divide v?
True
Let d(p) = 17*p + 180. Let q be d(14). Suppose 5*b = -5*z + z + q, 0 = 2*z - 4*b - 196. Is z a multiple of 6?
True
Is 177 a factor of (-5414307)/(-668) - (-14)/8?
False
Suppose 3 = 3*y - 4*z + 7*z, 3*y - 2*z - 8 = 0. Let t be (-1)/(7/14) + 2*y. Suppose 86 = 3*m - 5*j, 3*m + 3*j - t*j = 62. Is 4 a factor of m?
False
Suppose 46*w + 2737 = 49*w - 2*k, -2*w = -4*k - 1838. Does 9 divide w?
True
Let f(g) = g**2 - 11*g + 12. Let o be f(12). Let c = o + -21. Suppose c*q = 2*q + 46. Is 28 a factor of q?
False
Let v(i) = -807*i**3 + 4*i**2 + 13*i + 13. Is v(-2) a multiple of 160?
False
Let v(l) = 0*l + 3 - 5 + 2*l + 735*l**3 - 17*l**2 + 17*l**2. Does 21 divide v(1)?
True
Suppose -7*p + 3*z = -6*p - 902, 5*p + 5*z = 4610. Is p a multiple of 7?
True
Suppose -5*a + 3*a + 3*z + 4908 = 0, -4*a + 9788 = z. Is a a multiple of 72?
True
Let g = 9116 - 6186. Does 16 divide g?
False
Let o(m) = 8*m - 15. Let a be 2*(9/(-6) - -4). Let q be o(a). Let z = q - -34. Is 10 a factor of z?
False
Suppose 65*f - 64*f - 5*z + 40 = 0, 4*z = 0. Is 44 a factor of (f/(-100))/(-2 - (-8362)/4180)?
True
Let u be (-7)/(-35)*10 - -3. Suppose -3*g = t - 743, -u*g + 9*g = t - 715. Is 10 a factor of t?
False
Let b(x) = 5*x**3 - 377*x**2 - 2*x - 152. Does 56 divide b(76)?
True
Suppose -2*o - 9*x + 19670 = -12*x, 3*o = -x + 29494. Does 20 divide o?
False
Suppose -4*w = -11*w + 875. Suppose -w*z + 2784 = -129*z. Let c = -403 - z. Is c a multiple of 38?
False
Let o(f) = f**2 - 12*f. Let s be o(12). Let k be 9 + (s - 7 - -4). Let p(z) = 3*z**2 + 13*z - 9. Is 12 a factor of p(k)?
False
Let a(w) be the third derivative of w**5/30 - w**4/3 - 17*w**3/2 + w**2 + 13*w. Is 13 a factor of a(-6)?
False
Let t(k) be the second derivative of k**4/12 + 13*k**3/3 + 17*k**2 - 24*k. Is t(-25) a multiple of 3?
True
Let q(w) = 883 - 78*w + 11*w - 912. Is 43 a factor of q(-3)?
True
Let q(n) = -n**2 - 7*n + 11. Let h be q(-8). Suppose -5*v = 20, 8*v + 12 = h*f + 11*v. Does 3 divide 36/f - (-2)/((-4)/(-3))?
True
Let h = 57 - -75. Suppose -5*c - k + h = -0*c, -5*c = 4*k - 123. Suppose 15 = l - c. Is l a multiple of 21?
True
Let k = -30784 + 61456. Does 71 divide k?
True
Let c(u) = 26*u**2 - u - 1. Let j be c(1). Suppose 0 = p - 4*p + j. Suppose p = 4*s - 128. Is 32 a factor of s?
False
Suppose -46 = -2*k - 2*q, 4*q - 1 = 7. Suppose -r + 161 = -2*m - 213, -1496 = -4*r + 5*m. Suppose 4*s + r = k*s. Is 21 a factor of s?
False
Let b = 2484 + -2160. Is 3 a factor of b?
True
Let z(b) = -b**3 - 7*b**2 - 9*b - 10. Let r be z(-7). Let l = r + -20. Is ((-28)/(-6) + -3)*l a multiple of 10?
False
Let n(j) be the first derivative of 75*j**2/2 - 22*j - 142. Does 27 divide n(4)?
False
Suppose 0 = 5*f - 3*i - 2*i - 645, 382 = 3*f + 2*i. Let w = -83 + f. Does 35 divide 1 + -1 + 16/4 + w?
False
Suppose -4*n + 11 = -49. Suppose 0 = -3*z - 3*k + 201, -4*k + n = -9*k. Let g = 73 - z. Is 3 a factor of g?
True
Suppose 0 = 88*c - 83*c + 55. Let m(z) = z**3 + 12*z**2 + 10*z + 14. Let w be m(c). Suppose 5*s = 2*l - 149, -l - 2*s + 104 = w. Is l a multiple of 14?
False
Suppose 5*b - d - 98995 = 0, -271*b = -270*b - 3*d - 19785. Does 45 divide b?
True
Let c = -70466 + 134816. Is c a multiple of 143?
True
Let x be (-42)/273 - 145/(-13). Let c = -21 + x. Does 30 divide (8/4 - 32)/(2/c)?
True
Let n be (((-13180)/3)/5)/((-4)/(-6)). Let b = -876 - n. Is 13 a factor of b?
True
Suppose 0 = -2*k - 5*p + 124379, 3*k + 3*p = 4*k - 62206. Does 11 divide (-2)/16 + k/296?
False
Suppose 8*u + 10070 - 18574 - 20680 = 0. Is 6 a factor of u?
True
Does 62 divide 6818 + (4/(-6))/((-6)/18)?
True
Suppose -w - 4*l = -6876, 3*w - 25750 = -4*l - 5098. Is 42 a factor of w?
True
Suppose 3*l - 1 = -22. Let r be 6/(-2) - l*1. Suppose -4*h = 5*n - 100, -2*n + r*h + 13 = 1. Does 8 divide n?
True
Let x = -3667 - -4011. Is 86 a factor of x?
True
Suppose y - 4*i - 728 = 0, 2*i = -3*y - 2*i + 2184. Suppose 4*d = -g + 3361, y + 109 = d - 3*g. Does 28 divide d?
True
Suppose 23 = 3*d - 16. Suppose d*l - 446 = 2427. Does 17 divide l?
True
Let c = -7773 + 11823. Does 18 divide c/(-40)*16/(-3)?
True
Let m(a) = 35*a + 5. Let y be m(3). Let c = y - 209. Is 4 a factor of (7/21)/((-1)/c)?
False
Suppose -9*v = -50979 + 33049 - 52333. Does 27 divide v?
False
Let k(t) = -7*t - 38. Let h be k(-11). Let r = h + -35. Is (r - 4) + 1 + -1 + 77 a multiple of 34?
False
Let c(l) be the first derivative of -57*l**2/2 + 67*l - 42. Is 20 a factor of c(-12)?
False
Suppose -9*b - 5 = -4*b, 3*u - 3*b + 93 = 0. Let i be 1 + 36/u - (-1073)/8. Suppose 669 = 5*m + 2*n - 23, -4*n - i = -m. Is m a multiple of 10?
False
Let z be 822/8*(-72)/(-27). Let t = z - 109. Is 15 a factor of t?
True
Suppose -10051*q + 10052*q = 3360. Is 70 a factor of q?
True
Suppose -29799 = 33*z - 111309. Does 95 divide z?
True
Let m be 21/((6/(-10))/(-1)). Let p = 24 + m. Let i = -42 + p. Is i a multiple of 8?
False
Let x = -1522 + 4434. Is x a multiple of 91?
True
Let w = 959 + -1646. Let p = w + 1093. Is 29 a factor of p?
True
Let o be (-504)/336*(8/3)/(-1). Suppose -95*r = -94*r + 3*i - 575, r - o*i - 582 = 0. Is r a multiple of 81?
False
Let x = 3036 - -186. Is x a multiple of 35?
False
Suppose 35 = -u + 911. Suppose 8*c - u = 7*c. Is 12 a factor of c?
True
Let t = 4516 + -736. Suppose 14*n = -0*n + t. Is n a multiple of 27?
True
Suppose -8 = 4*v, 0 = 3*f + 4*v - 1264 - 1380. Is f a multiple of 4?
True
Let d(c) = -820*c + 1059. Is 34 a factor of d(-15)?
False
Let r be -10*(-6 - (-44)/8). Suppose -2*j + 178 = 2*f, -j + f = -40 - 47. Suppose r*x = z - 52, 2*x =